ple of 1877?
True
Does 119 divide 241896672?
False
Does 5288 divide 68305096?
True
Does 614 divide 1138173606?
False
Is 27 a factor of 48433323?
False
Is 353 a factor of 245348971?
False
Does 134 divide 27246488?
True
Does 640 divide 3087680247?
False
Is 11 a factor of 28956097?
False
Is 127951303 a multiple of 255?
False
Does 7312 divide 2113974486?
False
Does 251 divide 1325356806?
True
Is 711744120 a multiple of 18?
True
Is 589283372 a multiple of 5195?
False
Is 278350360 a multiple of 169?
False
Is 131158690 a multiple of 11?
False
Does 2121 divide 1798314570?
False
Does 36 divide 34450411?
False
Is 126552236 a multiple of 38?
True
Does 18 divide 275545982?
False
Is 12 a factor of 870378576?
True
Is 1458 a factor of 1777817440?
False
Is 2644 a factor of 34812048?
False
Is 64672085 a multiple of 111?
False
Does 189 divide 366305142?
False
Does 49 divide 26171096?
True
Is 33423479 a multiple of 137?
True
Does 292 divide 86887950?
False
Does 23 divide 1594010?
False
Is 3321637761 a multiple of 14?
False
Is 4483075679 a multiple of 5762?
False
Does 1309 divide 21671804?
True
Does 47 divide 65819364?
True
Is 106169245 a multiple of 91?
True
Is 14 a factor of 20518848?
True
Does 1024 divide 1234386055?
False
Is 573917212 a multiple of 1513?
True
Does 819 divide 309627045?
True
Does 23 divide 398097984?
True
Is 376198398 a multiple of 27?
True
Does 100 divide 312550900?
True
Does 14 divide 221244703?
False
Is 27 a factor of 238250835?
True
Is 134 a factor of 516769258?
True
Is 6 a factor of 248321218?
False
Does 356 divide 95815620?
True
Does 6073 divide 2343545445?
False
Is 195 a factor of 29049075?
False
Is 13966919 a multiple of 3?
False
Does 893 divide 16415126?
True
Is 12375102 a multiple of 117?
False
Is 303 a factor of 22709244?
True
Does 19 divide 128247722?
False
Is 203009964 a multiple of 12?
True
Is 85 a factor of 16258545?
True
Is 165 a factor of 82491953?
False
Is 8304850 a multiple of 4075?
True
Is 681 a factor of 213087436?
False
Is 1701 a factor of 710579634?
False
Does 103 divide 39728645?
True
Does 841 divide 3854431673?
True
Does 61 divide 10031877?
True
Does 1657 divide 4690408?
False
Is 98001287 a multiple of 2219?
False
Is 310619544 a multiple of 12?
True
Is 330 a factor of 13119480?
True
Is 48199054 a multiple of 30?
False
Is 28231424 a multiple of 31?
False
Is 34 a factor of 155081019?
False
Is 5670227 a multiple of 453?
False
Is 35591420 a multiple of 20?
True
Is 504222 a multiple of 6?
True
Is 192801889 a multiple of 29?
True
Is 39017902 a multiple of 314?
False
Is 331607262 a multiple of 1722?
True
Is 66376151 a multiple of 11?
False
Is 282609012 a multiple of 266?
False
Is 39 a factor of 15010587?
False
Is 1184208793 a multiple of 76?
False
Is 870 a factor of 5387040?
True
Does 175 divide 701165592?
False
Does 378 divide 260073131?
False
Does 22 divide 29521976?
True
Is 10405 a factor of 512202229?
False
Is 3 a factor of 5247140?
False
Is 1923226 a multiple of 607?
False
Is 1619 a factor of 41723085?
False
Does 504 divide 494164440?
True
Is 70932096 a multiple of 9?
True
Does 49 divide 25035962?
True
Does 311 divide 19225722?
False
Does 9 divide 51312420?
True
Does 109 divide 406407443?
False
Is 87 a factor of 34375167?
False
Does 71 divide 54714787?
False
Does 10 divide 1475080?
True
Is 1115 a factor of 249514799?
False
Is 1781 a factor of 10539958?
True
Does 184 divide 854395791?
False
Is 1588590 a multiple of 6?
True
Does 2439 divide 1196486472?
False
Is 353 a factor of 80710862?
False
Does 20 divide 52979960?
True
Does 13 divide 29015662?
True
Does 241 divide 212149167?
True
Does 122 divide 202642?
True
Does 55 divide 106931605?
True
Is 3475802457 a multiple of 1622?
False
Is 472487100 a multiple of 10?
True
Is 10 a factor of 3347069871?
False
Is 110814704 a multiple of 3146?
True
Is 383 a factor of 2323636?
False
Is 54 a factor of 769889175?
False
Is 884 a factor of 184378324?
False
Is 40098493 a multiple of 20?
False
Is 13 a factor of 992855115?
False
Is 48594816 a multiple of 654?
True
Is 684721008 a multiple of 2032?
True
Does 19 divide 5331830122?
True
Does 60 divide 1223191219?
False
Does 568 divide 51453984?
True
Does 60 divide 47624160?
True
Is 37 a factor of 18702834?
True
Is 44 a factor of 132898937?
False
Is 604459880 a multiple of 40?
True
Is 1002989853 a multiple of 29?
True
Is 14 a factor of 1588747158?
False
Is 71 a factor of 441523529?
False
Is 55383546 a multiple of 1002?
True
Is 7916 a factor of 362766315?
False
Does 4575 divide 3258621525?
True
Does 27 divide 1034821?
False
Is 148 a factor of 143010476?
True
Is 73404258 a multiple of 106?
True
Is 2204391 even?
False
Does 378 divide 59789394?
True
Does 529 divide 37980613?
True
Is 206 a factor of 172498426?
True
Is 5642810746 a multiple of 1933?
False
Is 386 a factor of 535355961?
False
Does 387 divide 637372746?
True
Is 57499176 a multiple of 565?
False
Does 69 divide 7812042?
True
Does 85 divide 6175793?
False
Is 23 a factor of 13487039?
True
Does 3 divide 4104100?
False
Is 779 a factor of 83554441?
False
Is 21 a factor of 351613743?
False
Is 24198061 a multiple of 51?
False
Is 188 a factor of 35055609?
False
Is 398630224 a multiple of 146?
True
Is 1286 a factor of 551344208?
True
Is 8 a factor of 36693576?
True
Is 4415241965 a multiple of 8222?
False
Is 1859073564 a multiple of 70?
False
Is 1065 a factor of 876478790?
False
Is 31548480 a multiple of 120?
True
Is 266 a factor of 257440317?
False
Does 584 divide 38739056?
True
Is 85 a factor of 22865878?
False
Does 5 divide 194660791?
False
Is 5495823 a multiple of 498?
False
Is 66 a factor of 27459939?
False
Is 150 a factor of 2342216327?
False
Does 107 divide 138892539?
False
Is 2 a factor of 32035589?
False
Is 49 a factor of 536692688?
True
Is 2667542 a multiple of 770?
False
Is 563 a factor of 313614087?
False
Does 11 divide 15833321?
False
Is 450036424 a multiple of 29?
False
Is 4566283 a multiple of 1550?
False
Is 310 a factor of 95030190?
True
Is 4234 a factor of 137660042?
True
Is 4653775 a multiple of 6?
False
Does 59 divide 87011607?
True
Is 5510 a factor of 1180974830?
True
Is 3136830580 a multiple of 20?
True
Is 202 a factor of 77808256?
False
Is 63053893 a multiple of 497?
True
Is 14 a factor of 1230410509?
False
Does 2941 divide 146739174?
False
Does 443 divide 98167813?
False
Is 32921812 a multiple of 44?
True
Does 7 divide 892437?
True
Is 134 a factor of 104256970?
False
Is 165 a factor of 3973582387?
False
Is 42 a factor of 184575426?
True
Is 25 a factor of 9837675?
True
Is 927 a factor of 41873517?
True
Does 1894 divide 103092314?
True
Is 1890075 a multiple of 395?
True
Is 24403 a multiple of 46?
False
Does 3428 divide 90553528?
False
Does 341 divide 13597716?
True
Is 457 a factor of 102380038?
False
Is 13291 a factor of 2454927446?
True
Is 27 a factor of 15597031?
False
Is 18332118 a multiple of 8?
False
Is 56234376 a multiple of 2109?
True
Does 64 divide 1653504?
True
Is 136649718 a multiple of 6?
True
Does 45 divide 273587580?
True
Is 300 a factor of 2387869?
False
Does 11 divide 16321394?
False
Does 4 divide 19181404?
True
Is 10 a factor of 121938532?
False
Does 22 divide 67101254?
True
Is 1263702566 a multiple of 7?
True
Does 181 divide 38970748?
True
Is 3445805170 a multiple of 10700?
False
Does 234 divide 2048253012?
True
Is 47458103 even?
False
Does 23 divide 14361054?
False
Is 3812265 a multiple of 15?
True
Is 32 a factor of 52088214?
False
Is 1904453505 a multiple of 285?
True
Does 120 divide 2596182120?
True
Is 2941468483 a multiple of 136?
False
Is 32247752 a multiple of 14?
False
Is 14677132 a multiple of 58?
True
Does 264 divide 54289010?
False
Is 42228875 a multiple of 656?
False
Is 43200477 a multiple of 479?
False
Is 53223039 a multiple of 1313?
False
Is 28 a factor of 2668372?
True
Is 30292986 a multiple of 1167?
True
Is 402 a factor of 2149346868?
True
Is 244704427 a multiple of 11?
True
Does 1726 divide 108028701?
False
Is 6483533 a multiple of 3017?
True
Is 340636325 a multiple of 1207?
False
Does 3907 divide 104234853?
True
Is 83335 even?
False
Does 2649 divide 60853384?
False
Is 60 a factor of 10791500?
False
Is 15929410 a multiple of 58?
True
Does 24 divide 32823708?
False
Is 42618285 a multiple of 14?
False
Is 137 a factor of 1357126476?
False
Is 26